 thousands digit of 602787?
6
What is the hundred thousands digit of 1221956?
2
What is the tens digit of 17366524?
2
What is the units digit of 1861730?
0
What is the hundred thousands digit of 1886618?
8
What is the thousands digit of 755951?
5
What is the hundred thousands digit of 661507?
6
What is the ten thousands digit of 1457812?
5
What is the units digit of 3425355?
5
What is the thousands digit of 28315439?
5
What is the hundred thousands digit of 2883733?
8
What is the thousands digit of 1152936?
2
What is the tens digit of 466387?
8
What is the thousands digit of 5357361?
7
What is the hundreds digit of 265975?
9
What is the ten thousands digit of 117783?
1
What is the thousands digit of 798521?
8
What is the thousands digit of 270519?
0
What is the ten thousands digit of 2698200?
9
What is the hundreds digit of 7095853?
8
What is the hundreds digit of 8618034?
0
What is the units digit of 399170?
0
What is the tens digit of 442596?
9
What is the hundred thousands digit of 4679526?
6
What is the millions digit of 10563703?
0
What is the hundred thousands digit of 388022?
3
What is the millions digit of 23625620?
3
What is the hundreds digit of 3220411?
4
What is the ten thousands digit of 2456824?
5
What is the units digit of 24676?
6
What is the hundreds digit of 476523?
5
What is the ten thousands digit of 6551883?
5
What is the hundred thousands digit of 1182139?
1
What is the thousands digit of 4890148?
0
What is the hundred thousands digit of 408512?
4
What is the units digit of 16628035?
5
What is the hundreds digit of 16412392?
3
What is the thousands digit of 5255220?
5
What is the tens digit of 189597?
9
What is the units digit of 115395?
5
What is the hundreds digit of 14276728?
7
What is the tens digit of 8983446?
4
What is the hundred thousands digit of 174601?
1
What is the tens digit of 962166?
6
What is the hundred thousands digit of 480785?
4
What is the millions digit of 5218791?
5
What is the units digit of 17847287?
7
What is the units digit of 2593915?
5
What is the ten thousands digit of 549560?
4
What is the tens digit of 3657499?
9
What is the hundreds digit of 955083?
0
What is the hundred thousands digit of 12874505?
8
What is the hundred thousands digit of 9361272?
3
What is the thousands digit of 717891?
7
What is the tens digit of 233493?
9
What is the tens digit of 30837177?
7
What is the units digit of 233274?
4
What is the tens digit of 25894366?
6
What is the tens digit of 1472447?
4
What is the ten thousands digit of 40070?
4
What is the thousands digit of 5496?
5
What is the units digit of 10064858?
8
What is the millions digit of 13674815?
3
What is the hundreds digit of 17382599?
5
What is the hundreds digit of 6298694?
6
What is the thousands digit of 198010?
8
What is the tens digit of 7385638?
3
What is the units digit of 270282?
2
What is the hundreds digit of 164460?
4
What is the hundreds digit of 1193895?
8
What is the ten thousands digit of 5271854?
7
What is the thousands digit of 305610?
5
What is the thousands digit of 85749?
5
What is the units digit of 10472969?
9
What is the hundreds digit of 27329323?
3
What is the hundred thousands digit of 1487378?
4
What is the tens digit of 425153?
5
What is the hundreds digit of 525239?
2
What is the ten millions digit of 11499601?
1
What is the thousands digit of 156136?
6
What is the tens digit of 9761048?
4
What is the ten thousands digit of 131685?
3
What is the millions digit of 2524209?
2
What is the millions digit of 1444902?
1
What is the hundreds digit of 124404?
4
What is the units digit of 592198?
8
What is the tens digit of 1367813?
1
What is the ten thousands digit of 1314399?
1
What is the hundred thousands digit of 685833?
6
What is the tens digit of 11888729?
2
What is the ten thousands digit of 18488047?
8
What is the ten thousands digit of 738880?
3
What is the hundred thousands digit of 5752307?
7
What is the hundreds digit of 697947?
9
What is the ten thousands digit of 6698418?
9
What is the tens digit of 13489?
8
What is the tens digit of 2272425?
2
What is the tens digit of 372826?
2
What is the units digit of 18616389?
9
What is the units digit of 182324?
4
What is the units digit of 81094?
4
What is the thousands digit of 2577917?
7
What is the hundreds digit of 18795?
7
What is the millions digit of 6564267?
6
What is the hundred thousands digit of 899469?
8
What is the hundreds digit of 302812?
8
What is the hundred thousands digit of 511279?
5
What is the hundreds digit of 71909?
9
What is the ten thousands digit of 563107?
6
What is the units digit of 27427?
7
What is the ten thousands digit of 87230?
8
What is the units digit of 794826?
6
What is the ten thousands digit of 426003?
2
What is the ten thousands digit of 7918900?
1
What is the units digit of 568335?
5
What is the hundreds digit of 308598?
5
What is the hundreds digit of 440979?
9
What is the thousands digit of 4166804?
6
What is the hundreds digit of 531509?
5
What is the ten thousands digit of 294565?
9
What is the hundreds digit of 313821?
8
What is the millions digit of 3302314?
3
What is the tens digit of 346807?
0
What is the hundreds digit of 308674?
6
What is the thousands digit of 224180?
4
What is the ten thousands digit of 68699?
6
What is the hundred thousands digit of 6670393?
6
What is the millions digit of 6126766?
6
What is the ten thousands digit of 3610948?
1
What is the ten thousands digit of 16333599?
3
What is the thousands digit of 558150?
8
What is the thousands digit of 583644?
3
What is the thousands digit of 3359092?
9
What is the millions digit of 4626992?
4
What is the ten thousands digit of 146086?
4
What is the thousands digit of 9090766?
0
What is the tens digit of 7418803?
0
What is the tens digit of 174464?
6
What is the thousands digit of 708796?
8
What is the hundred thousands digit of 540479?
5
What is the ten thousands digit of 556777?
5
What is the hundreds digit of 12979506?
5
What is the hundreds digit of 1001804?
8
What is the millions digit of 7853478?
7
What is the tens digit of 1650053?
5
What is the ten thousands digit of 760322?
6
What is the hundreds digit of 757444?
4
What is the units digit of 5069052?
2
What is the thousands digit of 57907?
7
What is the hundreds digit of 81513?
5
What is the thousands digit of 27442673?
2
What is the hundreds digit of 37011?
0
What is the units digit of 192186?
6
What is the units digit of 271387?
7
What is the hundreds digit of 128303?
3
What is the thousands digit of 3375286?
5
What is the thousands digit of 10712064?
2
What is the tens digit of 572945?
4
What is the hundreds digit of 278582?
5
What is the millions digit of 2304113?
2
What is the tens digit of 1383?
8
What is the thousands digit of 1535754?
5
What is the tens digit of 947838?
3
What is the hundred thousands digit of 447807?
4
What is the tens digit of 6072670?
7
What is the millions digit of 4596081?
4
What is the thousands digit of 720196?
0
What is the hundreds digit of 30123337?
3
What is the units digit of 1618894?
4
What is the hundred thousands digit of 1290963?
2
What is the ten thousands digit of 444026?
4
What is the tens digit of 345911?
1
What is the ten thousands digit of 238284?
3
What is the ten thousands digit of 748892?
4
What is the hundreds digit of 192571?
5
What is the millions digit of 22449471?
2
What is the thousands digit of 63015?
3
What is the thousands digit of 6024048?
4
What is the ten thousands digit of 9965750?
6
What is the thousands digit of 93765?
3
What is the ten thousands digit of 295841?
9
What is the ten thousands digit of 177576?
7
What is the tens digit of 1083536?
3
What is the thousands digit of 1476156?
6
What is the tens digit of 1809295?
9
What is the thousands digit of 3973689?
3
What is the tens digit of 501778?
7
What is the units digit of 1495967?
7
What is the thousands digit of 32240?
2
What is the tens digit of 211802?
0
What is the ten millions digit of 23437676?
2
What is the hundred thousands digit of 147935?
1
What is the units digit of 967374?
4
What is the thousands digit of 723362?
3
What is the ten thousands digit of 120496?
2
What is the hundreds digit of 1321362?
3
What is the ten thousands digit of 4233345?
3
What is the hundreds di